80620469?
False
Is 45 a factor of 265010?
False
Is 160382559 a multiple of 2465?
False
Is 9 a factor of 268631042?
False
Is 53090941 a multiple of 9?
False
Does 594 divide 393297718?
False
Is 86312015 a multiple of 33?
False
Does 25 divide 109335350?
True
Does 50 divide 441013987?
False
Is 2240 a factor of 20717245?
False
Is 100880691 a multiple of 415?
False
Does 809 divide 4687069?
False
Is 1393395920 a multiple of 1267?
True
Is 43 a factor of 46432432?
True
Does 6 divide 2345508288?
True
Is 3 a factor of 75297?
True
Is 198 a factor of 149961834?
True
Is 996742136 a multiple of 3398?
True
Is 87831786 a multiple of 42?
True
Is 265485042 a multiple of 801?
True
Is 756 a factor of 3789072?
True
Does 339 divide 1470285972?
False
Is 62 a factor of 27978354?
False
Is 17909522 a multiple of 20?
False
Is 98 a factor of 234856934?
False
Is 42679522 a multiple of 1740?
False
Is 1120 a factor of 105160389?
False
Does 110 divide 58363470?
True
Is 33576672 a multiple of 8?
True
Is 702 a factor of 1734625854?
True
Is 239369632 a multiple of 7?
False
Is 36 a factor of 710308837?
False
Is 15 a factor of 192686565?
True
Is 240367402 a multiple of 977?
True
Does 581 divide 62918233?
True
Is 106 a factor of 949976425?
False
Does 6 divide 131159836?
False
Is 30579780 a multiple of 26?
False
Does 226 divide 390713545?
False
Is 320 a factor of 322179164?
False
Is 8 a factor of 6113925?
False
Does 143 divide 201438284?
False
Is 46 a factor of 1834368680?
True
Is 3937494 a multiple of 128?
False
Does 6476 divide 276649469?
False
Is 136 a factor of 9539417?
False
Does 2996 divide 505086652?
True
Is 64113816 a multiple of 450?
False
Does 145 divide 14762635?
False
Is 7008136 a multiple of 11?
False
Does 6 divide 235482340?
False
Does 5051 divide 206320227?
False
Is 101 a factor of 109955742?
False
Is 83 a factor of 662091?
True
Is 14603477 a multiple of 23?
False
Is 58126172 a multiple of 8?
False
Does 396 divide 33739596?
True
Is 2294995313 a multiple of 2175?
False
Is 7 a factor of 132601784?
True
Does 962 divide 145852551?
False
Is 1100122812 a multiple of 36?
True
Is 217020726 a multiple of 12?
False
Does 19 divide 103278851?
True
Is 142 a factor of 11753340?
True
Is 15 a factor of 261495357?
False
Is 617 a factor of 142023062?
False
Does 143 divide 54561364?
True
Is 2866 a factor of 1759875770?
False
Is 200 a factor of 2662590?
False
Is 74 a factor of 648453268?
True
Does 1377 divide 329843912?
False
Is 121210620 a multiple of 23?
False
Is 45 a factor of 24770943?
False
Is 8915580 a multiple of 180?
True
Is 59439340 a multiple of 346?
True
Is 41540646 a multiple of 1543?
True
Is 416547 a multiple of 314?
False
Is 1551 a factor of 178223332?
False
Is 6803 a factor of 918968901?
False
Is 42431806 a multiple of 44?
False
Is 1078 a factor of 27617282?
True
Is 3 a factor of 75920175?
True
Is 1356802 a multiple of 4?
False
Is 58 a factor of 11013736?
True
Is 2495 a factor of 290188573?
False
Is 736 a factor of 18741846?
False
Does 6 divide 9542730?
True
Is 25267899 a multiple of 106?
False
Does 14 divide 216596100?
True
Does 2 divide 371244250?
True
Is 10841040 a multiple of 15?
True
Is 609 a factor of 38229904?
False
Is 52 a factor of 447623099?
False
Is 1228856612 a multiple of 131?
False
Does 557 divide 92204109?
True
Is 14683804 a multiple of 10?
False
Is 62538160 a multiple of 1208?
True
Does 910 divide 63651869?
False
Does 10 divide 51952141?
False
Does 139 divide 57785307?
False
Is 91 a factor of 93524520?
False
Is 105 a factor of 358268505?
True
Does 2848 divide 165203936?
True
Does 11 divide 72475123?
False
Is 25 a factor of 71230575?
True
Does 65 divide 272124369?
False
Does 105 divide 6046087?
False
Is 44205926 a multiple of 163?
True
Is 9089730 a multiple of 195?
True
Is 452 a factor of 51170339?
False
Is 645478349 a multiple of 243?
False
Is 2806 a factor of 14532138?
False
Does 126 divide 150855894?
True
Is 1310 a factor of 231291768?
False
Is 2100 a factor of 123463200?
True
Is 5500 a factor of 1172038420?
False
Is 140455062 a multiple of 122?
True
Is 147 a factor of 995778?
True
Is 47 a factor of 794219327?
False
Is 845083834 a multiple of 14?
True
Does 5 divide 465882193?
False
Is 1241710363 a multiple of 19?
True
Does 18 divide 70935120?
True
Does 9 divide 345681883?
False
Is 366 a factor of 8430810?
True
Does 672 divide 1200913056?
True
Does 1940 divide 30820780?
True
Does 4847 divide 604225489?
False
Does 35 divide 13007215?
False
Does 5102 divide 1301606934?
True
Is 556138620 a multiple of 1035?
True
Is 185 a factor of 212048259?
False
Is 13913905 a multiple of 289?
True
Is 134 a factor of 117562756?
True
Is 8 a factor of 2837008?
True
Is 15 a factor of 161687747?
False
Does 112 divide 4470592?
True
Is 71065512 a multiple of 126?
True
Is 112 a factor of 3620288?
True
Is 194596753 a multiple of 153?
False
Is 552108762 a multiple of 533?
False
Is 73 a factor of 127654504?
False
Does 29 divide 38514842?
True
Does 84 divide 4153296?
True
Does 41 divide 87853652?
True
Is 17123549 a multiple of 139?
True
Is 11 a factor of 57652191?
False
Is 251 a factor of 38198184?
True
Does 1231 divide 9487317?
True
Does 19 divide 77791002?
False
Is 40 a factor of 1937156224?
False
Is 3715662482 a multiple of 10?
False
Is 17229642 a multiple of 222?
True
Is 1906 a factor of 96417625?
False
Is 130 a factor of 928165914?
False
Does 18 divide 93810923?
False
Does 14 divide 4590208?
True
Is 10 a factor of 816082460?
True
Does 47 divide 49030165?
True
Does 23 divide 256798174?
True
Does 15 divide 599995990?
False
Does 6 divide 19383930?
True
Is 11 a factor of 4360116?
False
Is 14964876 a multiple of 4?
True
Is 19 a factor of 21868992?
False
Is 33 a factor of 240678320?
False
Does 2180 divide 886433780?
True
Is 269 a factor of 122365948?
True
Is 59614949 a multiple of 2175?
False
Does 57 divide 1314014398?
False
Does 572 divide 29779464?
True
Is 43279929 a multiple of 173?
True
Is 387796431 a multiple of 232?
False
Does 1576 divide 3950983144?
True
Is 2079 a factor of 319175088?
False
Does 25 divide 143964400?
True
Does 4 divide 11212957?
False
Is 61 a factor of 432135928?
False
Is 2195 a factor of 108325445?
True
Is 421110153 a multiple of 9?
True
Does 1020 divide 223295084?
False
Does 345 divide 8132340?
True
Does 2 divide 685301?
False
Is 315996528 a multiple of 2192?
True
Does 1780 divide 187194125?
False
Is 21 a factor of 140947401?
True
Is 200 a factor of 614087344?
False
Is 499 a factor of 43923976?
True
Is 357395985 a multiple of 3068?
False
Does 715 divide 895668345?
True
Is 382 a factor of 37435618?
True
Does 432 divide 505627409?
False
Is 27 a factor of 108086859?
True
Is 3628 a factor of 54699356?
True
Does 237 divide 141568395?
True
Is 18538857 a multiple of 51?
True
Is 522 a factor of 3951987013?
False
Is 179819451 a multiple of 224?
False
Is 94 a factor of 146354894?
False
Is 4067998 a multiple of 17?
True
Is 48238902 a multiple of 486?
True
Is 998 a factor of 166380211?
False
Does 82 divide 74732504?
True
Is 15 a factor of 3359923035?
True
Does 20 divide 3503820?
True
Is 22 a factor of 16678519?
False
Does 421 divide 69452658?
False
Is 32105988 a multiple of 11?
False
Is 14699571 a multiple of 251?
False
Does 648 divide 617194080?
True
Is 128580983 a multiple of 8?
False
Does 1614 divide 2702576198?
False
Is 11 a factor of 59816510?
False
Is 56 a factor of 63765744?
True
Is 83 a factor of 41726756?
True
Is 1496 a factor of 136375018?
False
Does 87 divide 26445716?
False
Is 11 a factor of 11198286?
True
Is 48 a factor of 94990874?
False
Does 1521 divide 305935461?
True
Is 346289232 a multiple of 948?
True
Is 1939009586 a multiple of 6851?
False
Is 2722743676 a multiple of 278?
True
Is 27541556 a multiple of 938?
True
Is 978479184 a multiple of 12?
True
Is 945837423 a multiple of 171?
True
Is 9 a factor of 98252005?
False
Is 54 a factor of 1507583314?
False
Is 31466717 a multiple of 491?
True
Does 49 divide 37319872?
False
Is 6019529 a multiple of 24?
False
Does 611 divide 9572537?
True
Is 999718416 a multiple of 82?
True
Is 701 a factor of 1442431741?
False
Does 142 divide 39709448?
True
Is 97 a factor of 317668881?
False
Is 598 a factor of 624096063?
False
Does 35 divide 2869311968?
False
Does 7531 divide 636365794?
False
Is 169802387 a multiple of 19?
